f z and 36?
18
Let w(v) = -8*v - 2. Let j(b) = 17*b + 3. Let x(q) = -3*j(q) - 5*w(q). Let z be x(-1). What is the greatest common factor of z and 60?
12
Suppose 3*g = 5*g + 4. Let x be (g + -1)/(-3) + 5. Calculate the highest common factor of x and 12.
6
Suppose 3*y - 7*w + 8*w - 35 = 0, -3*y = -5*w - 5. What is the greatest common factor of 90 and y?
10
Let c be 2 + 4/(-10) + (-1385)/(-25). What is the greatest common factor of c and 19?
19
Let f = 102 - 27. Suppose 3 = 4*h - 57. What is the greatest common divisor of h and f?
15
Suppose 7 = -m + 2*m. Calculate the greatest common factor of 77 and m.
7
Let y = 100 + -156. Let n be y/(-21)*(-6)/(-4). Let a(g) = 2*g**2 - 6*g + 2. Let k be a(n). What is the highest common divisor of k and 10?
10
Let f = -20 - -27. Calculate the greatest common divisor of 56 and f.
7
Suppose 7*q - 160 = -q. What is the highest common divisor of 30 and q?
10
Let v = -24 - -143. Let t(k) = 0*k**2 - k**3 - 5*k**2 - 3*k + 2 + 0*k**2. Let w be t(-5). What is the greatest common divisor of v and w?
17
Let t(n) = 13*n**2 + 4. Let r be t(3). Suppose 0 = -q - 2*q. Suppose 5*l + 32 - 87 = q. Calculate the highest common divisor of l and r.
11
Let q = 4 + -2. Let r be (-4)/q + (-120)/(-5). What is the greatest common factor of 55 and r?
11
Let i be 0 + (-28)/2*-1. Let u(f) = -f**2 - 2*f**2 + 15*f + 9*f**3 - 12*f + f**2. Let s be u(2). Calculate the greatest common factor of s and i.
14
Let k(f) = 2*f**2 + 7*f + 6. Suppose 3*i + 19 = -4*n, -2*n + 3*n - 2*i + 2 = 0. Let m be k(n). What is the greatest common factor of m and 50?
10
Let h = 3 - 2. Let k = 33 - 29. What is the greatest common factor of k and h?
1
Let w = 8 - 4. Let l be 1/2 + 35/10. Suppose w = -q + l*o + 9, 5*o = 3*q - 15. What is the greatest common factor of 10 and q?
5
Suppose 0 = -s + 5, 4*s - 40 = -5*q - s. Let x be 6/8*8/q. What is the highest common divisor of x and 5?
1
Suppose 2*a - 3*k = -5*k + 18, -2*k = a - 13. Suppose -a*u + 3*b - 5*b = -11, -3*b = 2*u. What is the highest common divisor of u and 21?
3
Suppose -4*c + 12 = -0*c. Suppose -2*i = -5*o + 289, -c*o - i + 3*i + 175 = 0. Calculate the greatest common factor of o and 38.
19
Let u(r) = 19*r + 1. Let p be u(1). Calculate the greatest common factor of 100 and p.
20
Suppose 0 = 4*x + 3*a - 79, -4*x + 31 = -a - 28. Let r(g) = 7*g - 1. Suppose -4 + 11 = s. Let p be r(s). Calculate the greatest common divisor of p and x.
16
Let y(b) = b**2 + 9*b - 6. Let u(x) = -x. Let a(j) = 4*u(j) - y(j). Let d be a(-13). What is the highest common divisor of d and 18?
6
Suppose f = 4*z - 311, f + 4*f = 3*z - 229. Suppose -3*q - y - y = -63, -3*q + 3*y + z = 0. What is the greatest common factor of 23 and q?
23
Let z = 138 + -30. What is the greatest common divisor of z and 18?
18
Suppose 3*s - 2*k = k + 234, 0 = -5*s - 4*k + 408. Calculate the highest common divisor of s and 10.
10
Let v = 0 - -3. Suppose -u - 221 = -v*b, -3*b - 4*u = b - 268. What is the greatest common divisor of b and 12?
12
Suppose -4*k + 3*k + 34 = 0. Suppose 0*g - 4 = -g, -60 = -4*o + 4*g. Let t = k - o. What is the greatest common factor of t and 15?
15
Suppose 3*k - 33 - 36 = -2*s, k - 63 = -2*s. Calculate the greatest common factor of 120 and s.
30
Suppose 5*o - k = 119, -4*k = 4*o - 61 - 15. Suppose 3*t - o = 16. Calculate the highest common divisor of 39 and t.
13
Let w be 594/21 - 4/14. Suppose 190 = 4*x - 4*q + 22, 0 = 4*x + q - 168. What is the greatest common divisor of x and w?
14
Suppose 3*a + a - 4*v - 320 = 0, -4*v + 85 = a. Suppose 4*l + a = -3*y + 351, -y + 90 = 2*l. Calculate the greatest common divisor of 10 and y.
10
Let p(v) = -11 + 5*v - 2*v**2 + 0*v + 3*v**2. Let u be p(-8). Let z(d) = -d**3 - 9*d**2 - 9. Let j be z(-10). Calculate the greatest common divisor of j and u.
13
Suppose -20*z + 22*z = 96. Calculate the greatest common factor of z and 64.
16
Suppose i + 4*i - 25 = 0. Suppose 3*f - 6 = i*q - 2, 4*f - q - 11 = 0. Let y be ((-8)/f)/(8/(-36)). What is the greatest common divisor of 12 and y?
12
Let k = 7 - 3. Suppose -6 + 34 = 7*x. What is the highest common divisor of x and k?
4
Suppose -100 = -2*k - 3*k. Let r(u) = u**3 - 5*u**2 - 6*u + 8. Let f = 12 - 6. Let t be r(f). What is the highest common divisor of k and t?
4
Suppose -3*f = 129 - 132. What is the highest common factor of 6 and f?
1
Let m(l) = 3*l**2 + 6*l + 6. Let h be m(-4). Suppose 2*k + 24 = 3*q, -4*q - 2*k + 4*k + h = 0. What is the highest common factor of q and 12?
6
Let j = 18 - 0. Let i(f) = -2*f**3 - 3*f**2 - f - 3. Let q be i(-3). Calculate the highest common divisor of q and j.
9
Let k(j) = 13 + 8 - 19 + 2*j. Let y be k(2). Calculate the highest common divisor of 9 and y.
3
Let p be ((-9)/27)/(1/(-741)). Calculate the greatest common factor of 13 and p.
13
Suppose -2*m + 15 = -1. Let b(u) = 4*u + 12. Let k be b(2). What is the greatest common factor of k and m?
4
Let c = -38 + 67. Let w(f) = -f**2 + f + 58. Let l be w(0). Calculate the highest common factor of c and l.
29
Let m = 29 + 22. Calculate the highest common factor of m and 17.
17
Let l(x) = 2*x + 33. Let t be l(-14). Calculate the greatest common divisor of 25 and t.
5
Let j(g) = 4*g**2 - 1. Let v be j(-1). Suppose -v*p + 108 = p + 3*d, 3*d = -12. Calculate the greatest common factor of 6 and p.
6
Let s = -8 + 13. Suppose -s*o - 2 + 82 = 0. What is the greatest common factor of o and 2?
2
Let o(d) = d. Let v(n) = -n**2 + 9*n - 4. Let t(f) = 4*o(f) - v(f). Let p be t(-6). Suppose -3*q = -5*q + 28. Calculate the greatest common divisor of q and p.
14
Let q be 8/(-5) - (-2)/(-5). Let u be (-3)/q + (-56)/(-16). Calculate the highest common divisor of 20 and u.
5
Let p = 139 + -103. Let z = 9 + -6. Suppose 5*i - 129 = -z*l, i - 3*l - 9 = 2*l. What is the highest common divisor of i and p?
12
Let f = -17011 + 1291. Let j be f/(-225) + 4/30. What is the greatest common divisor of j and 14?
14
Suppose 2*s = -6, -11*s + 9*s = 5*g - 79. Calculate the greatest common divisor of 85 and g.
17
Let t = -6 - -8. Suppose h - 2*f - 36 = 41, t*h + f = 164. Calculate the greatest common divisor of 9 and h.
9
Let a = -7 + 5. Let l be 2 - ((-10)/a - 3). Suppose 8 = -2*o, 4*x + 4*o + o - 12 = l. What is the highest common factor of x and 64?
8
Suppose 336 = 5*l - l. What is the greatest common factor of l and 28?
28
Let v be ((-1)/(-3))/(2/18). Suppose v*t + 5*d = 193, -2*t + 71 = -t - 5*d. What is the highest common factor of 44 and t?
22
Let q(z) = -18*z**3 - 2*z**2 + 3*z + 3. Let d be q(-2). What is the highest common divisor of d and 19?
19
Suppose -4*b + 177 = h, -2*h - 218 = -5*b - 0*h. Suppose d - 3*z - 26 = 0, -2*z = 5*d + z - 40. What is the highest common factor of b and d?
11
Let k(g) = -g - 1. Let o = 7 + -11. Let p be k(o). Suppose -p = -4*y + 5. What is the highest common divisor of y and 2?
2
Let n(d) = -10*d - 12. Let w be n(-11). Calculate the greatest common factor of w and 28.
14
Let u(f) = -10*f**3 + f**2 - 1. Let k be u(-1). Let b = -8 + k. Calculate the greatest common divisor of b and 18.
2
Let k be 432/80 - 4/10. What is the greatest common factor of k and 25?
5
Suppose 0 = -5*u + 4*v - 198 + 579, 2 = 2*v. Let a be 26/39*1/(4/42). What is the greatest common divisor of u and a?
7
Let z = -5 - -8. Suppose -z = -3*s, -n = 2*n + 3*s - 15. Suppose -n*j = -55 - 29. What is the greatest common factor of j and 14?
7
Let x(a) = 2*a + 6. Let f be x(7). Suppose -3*l - 7 = -427. What is the greatest common divisor of f and l?
20
Let q = 29 + -17. What is the highest common divisor of 4 and q?
4
Let c = -113 + 132. Suppose -140 - 487 = -3*u. What is the greatest common factor of u and c?
19
Let s be (6/(-4))/((-9)/12). Calculate the greatest common divisor of 2 and s.
2
Let m be (-3395)/25 - (-2)/(-10). Let p = m - -226. Calculate the greatest common factor of 18 and p.
18
Let y(m) = 14*m - 5. Let p be y(5). Let x = p + -38. Let s = x + -18. What is the greatest common factor of s and 63?
9
Let t(z) = 7*z. Let d be t(1). Let a(v) = 3 - 4*v**3 + 8*v**2 - v + 3*v**3 - 3*v. Let u be a(d). Calculate the highest common factor of u and 36.
12
Let c(k) = 5*k - 8. Let z be c(6). Calculate the greatest common divisor of z and 132.
22
Suppose -q - 169 = -5*b, -4*q + 72 = b + b. What is the highe